5 + 4*v - 3 - 3 + 0. Let u be q(8). Calculate the greatest common factor of 14 and u.
7
Let g be (1 - 8/(-2)) + -2. Let z be ((-12)/(-7))/(g/21). Let k = 18 - z. What is the highest common divisor of 24 and k?
6
Suppose v - 8 = -0*v. Let t(s) = 12*s**2. Let k be t(1). Calculate the greatest common divisor of k and v.
4
Suppose 4*u = u - 6. Let r be -1 - (-14 + u + 0). Calculate the highest common factor of 60 and r.
15
Suppose g + z - 19 - 32 = 0, -199 = -4*g - 5*z. What is the highest common factor of 14 and g?
14
Let q = -12 - -17. Suppose 0 = q*o + 2*a - 79, -o + 49 = 2*o + 2*a. Let l be -2*(10/(-4) + 1). What is the greatest common divisor of o and l?
3
Let p be -3 - (-25 - (-6)/2). Suppose 2*k - p = -5. Calculate the highest common factor of 56 and k.
7
Let t be 110/15 - 2 - 4/(-6). What is the highest common divisor of t and 10?
2
Let c = 86 - 1. Suppose -4*w + c = 3*m - 152, -288 = -4*m + 4*w. What is the highest common divisor of m and 30?
15
Let w = -3 + 6. Suppose 2*u = -3*n + 6*u + 53, -w*n - 3*u = -18. Calculate the greatest common divisor of 121 and n.
11
Let j = -11 + 16. Let l be (-1 - -2)*(j - -30). Let t = 8 - 1. Calculate the greatest common divisor of t and l.
7
Suppose 4*n - 4*u - 32 = 0, -n - u + 23 = -5*u. Suppose n*s + s = 504. What is the greatest common divisor of s and 14?
14
Let v = 0 - -4. Let l be 4 + -6 + 1*v. What is the greatest common factor of l and 14?
2
Suppose -5*q + 68 = -7. What is the greatest common factor of q and 6?
3
Suppose 0 = 3*z - 4*y - 1, y - 33 = -19*z + 15*z. Let x = 16 + 33. What is the highest common factor of x and z?
7
Suppose 0*p = 3*o + 3*p - 852, p + 574 = 2*o. What is the greatest common factor of 26 and o?
26
Suppose -100 = -3*g + g - 4*v, 0 = -v - 3. Calculate the greatest common factor of g and 28.
28
Let f(r) = 29*r**2 + r + 1. Let i be f(-1). Let a = -16 + i. Let s = -13 + 78. What is the greatest common divisor of a and s?
13
Suppose -3*p = -f + 19, 4*f + 3*p - 55 = -9. Let u be (12/(-15))/(2/(-10)). Suppose u*a + a - 130 = 0. Calculate the greatest common divisor of a and f.
13
Let x(r) = -r**2 + 13*r + 4. Let h be x(13). Let u be (-2)/4 - (-90)/h. Calculate the greatest common factor of 66 and u.
22
Suppose 0 = -0*h - h + 5. Suppose j - 236 = -h*l, -l + 40 = 2*j - 0*j. Let a = 20 - 8. What is the greatest common divisor of a and l?
12
Let s be 1 - 70/((-4)/2). What is the greatest common factor of 4 and s?
4
Suppose 3*f + 16 = 64. Calculate the greatest common divisor of 48 and f.
16
Suppose 3*f - 284 + 20 = 0. Suppose 2*r = 17 - 1. Let v be (-210)/(-24) + (-6)/r. What is the greatest common divisor of f and v?
8
Suppose -2*b - 3*c = -81, -2*b - 3*b - c = -196. Let p be 6/b - (-542)/26. Calculate the greatest common divisor of p and 3.
3
Let v(u) = u**2 + 7*u + 7. Let x be v(-5). Let g = 19 - x. What is the highest common factor of 22 and g?
22
Let h = 5 - 1. Suppose 0 = -2*x - 5*l - 7, 6*l - h*l = x - 10. Calculate the greatest common divisor of 16 and x.
4
Let w(h) = -2*h**3 + 10*h**2 + 2*h - 5. Let l be w(-4). Suppose -k = -27 + 2. Calculate the greatest common divisor of k and l.
25
Let s = -4 + 6. Let i be (2 - -3*s) + -3. Suppose h - 13 = -q, -i*q + 34 = -2*q + 4*h. What is the highest common divisor of q and 9?
9
Let k be 24/((-1)/24*-3). What is the highest common divisor of k and 24?
24
Let b(i) = i**3 - 2*i**2 - 5*i + 2. Suppose 2*x + x - 12 = 0. Let y be b(x). Suppose 252 = -2*o + 4*o. Calculate the highest common factor of y and o.
14
Suppose 0 = -4*f - f - 35. Let b = 0 - f. Let z = -4 + b. What is the greatest common divisor of z and 33?
3
Suppose -4*b = -3*b - 902. Suppose -5*r - b = -2477. What is the greatest common divisor of r and 35?
35
Let r = 19 - 13. Let u be 130/18 + r/(-27). Let s be -1 - (2 - 1)*-29. What is the greatest common factor of u and s?
7
Suppose -3 = 2*m - 5. What is the greatest common factor of 3 and m?
1
Suppose 5*l + 76 + 184 = 0. Let f = 73 + l. What is the greatest common divisor of f and 21?
21
Let x(p) = -2 + 4 + 2*p**2 + 6 + 10*p + 0. Let m be x(-6). What is the greatest common factor of m and 180?
20
Suppose -4*j = 4 + 12. Let i be j + 1 - -6 - 1. Suppose 3 = i*v - 13. Calculate the highest common divisor of 12 and v.
4
Suppose 4*y - 3*l - 224 = 0, 3*y = -y + 4*l + 224. Suppose 0 = -i - 3*d + 5, 5*d = -i - 0*i + 3. What is the greatest common divisor of i and y?
8
Suppose -2*q + u + 18 + 164 = 0, 0 = -q + 3*u + 86. Calculate the greatest common factor of q and 23.
23
Suppose -4*l - 64 = -8*l. Suppose 2*s + f + 78 = 202, -3*f = 2*s - 116. What is the greatest common factor of s and l?
16
Let h(d) = -d**3 - 3*d**2 - 3*d - 3. Suppose -1 = 5*t + 9. Let f be h(t). Let s be 17 + f - -3 - 0. What is the greatest common divisor of s and 19?
19
Let k be 1000/28 + (-4)/(-14). What is the highest common factor of 18 and k?
18
Let q = 37 - 13. What is the greatest common factor of 48 and q?
24
Let t be -1 + 3 - (-13)/1. Suppose -5*j + 505 = -5*g, 3*j + j + 3*g = 432. What is the highest common divisor of t and j?
15
Suppose 4*d - 4*x = 192, 5*d - 258 = -x - 0*x. What is the greatest common divisor of 34 and d?
17
Let y = -8 + 12. What is the highest common factor of y and 20?
4
Let c(v) = -v**3 - 2*v**2 + 5*v + 6. Let i be 2 - (-1 - (0 + -8)). Let s be c(i). Let d be (4/(-5))/((-1)/10). What is the greatest common divisor of d and s?
8
Let d be 77/22 - 1/(-2). Let k = d + 24. What is the greatest common factor of 70 and k?
14
Suppose 5*y - 4 = 11. Suppose -4*n = r - 2*r + 132, -r - y*n + 139 = 0. What is the greatest common factor of 17 and r?
17
Suppose -3*x = -15 - 33. Calculate the highest common divisor of x and 4.
4
Suppose f = -2*f + 120. Suppose 2*r - 12 = -r. Suppose -4*g = -3*g - r*y - 52, 116 = 2*g - 2*y. What is the greatest common divisor of g and f?
20
Suppose 65 = s + 4*s + 5*p, -2*p = -5*s + 86. Calculate the greatest common factor of 16 and s.
16
Let d(o) = o**3 + 4*o**2 - 4*o + 5. Let k be d(-5). Suppose 5*i = -k*i + 200. Calculate the highest common factor of 8 and i.
8
Let a(h) = -13*h + 0 + 3*h + 0 - 2. Let w be a(-6). Calculate the highest common divisor of w and 29.
29
Let r be (78/65)/((-16)/10 - -2). Calculate the greatest common divisor of 6 and r.
3
Suppose 5*i = 2*i. Let x be 4 + -1 + 1 + i. Let k be 38/x + (-4)/8. What is the greatest common divisor of k and 1?
1
Let k = 17 - -46. Let d = 58 + k. Suppose 2*y - 5*l = 12, -4 = y - l - 13. What is the highest common factor of d and y?
11
Let d be 24/20*5 - 0. Suppose -b + 14 = -d. What is the greatest common divisor of 160 and b?
20
Suppose -z + 25 + 32 = 0. Let t = -5 - -8. Suppose -2*p + 95 = t*p. Calculate the highest common factor of p and z.
19
Let h(y) = 2*y**2 + y - 5. Let t be h(-5). Suppose 6 - t = -4*d + 2*u, -3*d = -u - 26. Calculate the highest common divisor of d and 45.
9
Let i = 26 - 27. Let n be 0 + i - (-6 + -5). Calculate the greatest common divisor of n and 30.
10
Let j(l) = l**2 - 2*l + 1. Let i be j(3). Suppose 5*k + 0*q + 2*q = 16, -4*q = -k + 12. Let c = 5 - k. What is the highest common factor of i and c?
1
Suppose -3*c - 3*f - 79 = 5, 4*c + 2*f = -112. Let t = 72 + c. Suppose -4*u - 4*d = -16, d - 12 = -3*u - 4*d. What is the highest common factor of u and t?
4
Let n(k) = k**2 + 7*k + 4. Let z be n(-6). Let c be (-15)/(-1) + z + 0. Calculate the highest common divisor of c and 26.
13
Suppose -2*b + 131 = -89. Let m(y) = -45*y - 1. Let t be m(-1). Calculate the highest common factor of b and t.
22
Let f(b) = 12*b + 4. Let l be f(8). Suppose 2*n + 12 - l = 0. Calculate the greatest common divisor of n and 4.
4
Suppose 3*k + 2*t - 7 = 0, k = 3*t + 20 - 3. Suppose 0 = -v + 3*w - 2, k*w = -2*v + 12 + 6. Calculate the greatest common factor of v and 20.
4
Let w(k) = 7*k**2 + k + 7. Let y be w(-2). Calculate the greatest common factor of 22 and y.
11
Suppose -4*t = -38 - 74. Let x(s) = s**3 - 15*s**2 - 15*s + 12. Let m be x(16). Let w be m*(4 - 28/8). What is the greatest common divisor of w and t?
14
Suppose -65*h + 60*h = -45. Let j be (6/7)/(4/28). Calculate the greatest common factor of j and h.
3
Let j be 24/(-10) - -2 - 4192/(-80). Calculate the highest common factor of j and 364.
52
Let l(s) be the second derivative of 1/12*s**4 + 0*s**3 +